{"id":30,"date":"2019-03-19T17:41:10","date_gmt":"2019-03-19T17:41:10","guid":{"rendered":"http:\/\/www.dino-odjeca.com\/?page_id=30"},"modified":"2022-01-25T12:24:18","modified_gmt":"2022-01-25T12:24:18","slug":"dobro-dosli","status":"publish","type":"page","link":"https:\/\/www.dino-odjeca.com\/?page_id=30","title":{"rendered":"O nama"},"content":{"rendered":"<p>&#8220;Dino Collection&#8221; je brand razvijen od strane obiteljskog obrta za kroja\u010dku djelatnost &#8220;MARINA&#8221;. Koji se nalazi u Samoboru, ulica Kralja Kre\u0161imira IV 27. Pod ovim brandom ve\u0107 20-tak godina proizvodimo i prodajemo dje\u010dju, mu\u0161ku i \u017eensku odje\u0107u u Hrvatskoj i \u0161ire. Glavna proizvodnja i prodaja nalazi se u Samoboru. Kao obiteljski obrt na tr\u017ei\u0161tu postojimo ve\u0107 dvadesetak godina, no uvijek nastojimo pratiti najnovije trendove i standarde u modi i prema tome izra\u0111ivati na\u0161e proizvode. Sva odje\u0107a izra\u0111ena u na\u0161oj proizvodnji isklju\u010divo je od kvalitetnih\u00a0 prirodnih pamu\u010dnih materijala \u010dime osiguravamo udobnost i dugotrajnost.<\/p>\n<p>Svi na\u0161i proizvodi izra\u0111uju se u na\u0161oj radionici u malim serijama ili po narud\u017ebi kupaca; privatnih osoba,\u00a0 klubova, \u0161kola, udruga.<\/p>\n<p>Trgovina preko Web stranice ima mogu\u0107nost pla\u0107anja:<\/p>\n<ul>\n<li>na \u017eiro ra\u010dun,\u00a0 kada je uplata izvr\u0161ena slijedi slanje robe na Va\u0161u adresu.<\/li>\n<li>pouze\u0107em, gotovinom prilikom dostave narud\u017ebe<\/li>\n<li>narud\u017ebe\u00a0 i informacije +385 091 3363064 (Marina) pozivom, SMS, WhatsApp, Viber, Telegram, Messenger<\/li>\n<\/ul>\n","protected":false},"excerpt":{"rendered":"<p>&#8220;Dino Collection&#8221; je brand razvijen od strane obiteljskog obrta za kroja\u010dku djelatnost &#8220;MARINA&#8221;. Koji se nalazi u Samoboru, ulica Kralja Kre\u0161imira IV 27. Pod ovim brandom ve\u0107 20-tak godina proizvodimo i prodajemo dje\u010dju, mu\u0161ku i \u017eensku odje\u0107u u Hrvatskoj i \u0161ire. Glavna proizvodnja i prodaja nalazi se u Samoboru. Kao obiteljski obrt na tr\u017ei\u0161tu postojimo [&hellip;]<\/p>\n","protected":false},"author":1,"featured_media":0,"parent":69,"menu_order":-1,"comment_status":"closed","ping_status":"closed","template":"","meta":{"footnotes":""},"class_list":["post-30","page","type-page","status-publish","hentry"],"_links":{"self":[{"href":"https:\/\/www.dino-odjeca.com\/index.php?rest_route=\/wp\/v2\/pages\/30","targetHints":{"allow":["GET"]}}],"collection":[{"href":"https:\/\/www.dino-odjeca.com\/index.php?rest_route=\/wp\/v2\/pages"}],"about":[{"href":"https:\/\/www.dino-odjeca.com\/index.php?rest_route=\/wp\/v2\/types\/page"}],"author":[{"embeddable":true,"href":"https:\/\/www.dino-odjeca.com\/index.php?rest_route=\/wp\/v2\/users\/1"}],"replies":[{"embeddable":true,"href":"https:\/\/www.dino-odjeca.com\/index.php?rest_route=%2Fwp%2Fv2%2Fcomments&post=30"}],"version-history":[{"count":0,"href":"https:\/\/www.dino-odjeca.com\/index.php?rest_route=\/wp\/v2\/pages\/30\/revisions"}],"up":[{"embeddable":true,"href":"https:\/\/www.dino-odjeca.com\/index.php?rest_route=\/wp\/v2\/pages\/69"}],"wp:attachment":[{"href":"https:\/\/www.dino-odjeca.com\/index.php?rest_route=%2Fwp%2Fv2%2Fmedia&parent=30"}],"curies":[{"name":"wp","href":"https:\/\/api.w.org\/{rel}","templated":true}]}}