{"id":1324,"date":"2020-10-16T16:17:33","date_gmt":"2020-10-16T16:17:33","guid":{"rendered":"https:\/\/www.dino-odjeca.com\/?post_type=product&#038;p=1324"},"modified":"2026-01-26T18:00:45","modified_gmt":"2026-01-26T17:00:45","slug":"hlace-zenske","status":"publish","type":"product","link":"https:\/\/www.dino-odjeca.com\/?product=hlace-zenske","title":{"rendered":"HLA\u010cE \u017dENSKE"},"content":{"rendered":"<p>\u017denske hla\u010de od prirodnog materijala: 95% Pamuk i 5% Elastin<\/p>\n<p>Lijepog, ravnog, dubokog kroja sa d\u017eepovima i pasicom u struku.<\/p>\n<p>Udobne za svaku priliku.<\/p>\n<p>Dostupne u crnoj boji, tamno plavoj, tamno sivoj, melan\u017e plavoj, bijeloj te drugim bojama na upit.<\/p>\n","protected":false},"excerpt":{"rendered":"<p>\u017denske hla\u010de od prirodnog materijala: 95% Pamuk i 5% Elastin Lijepog, ravnog, dubokog kroja sa d\u017eepovima i pasicom u struku. Udobne za svaku priliku. Dostupne u crnoj boji, tamno plavoj, tamno sivoj, melan\u017e plavoj, bijeloj te drugim bojama na upit.<\/p>\n","protected":false},"featured_media":1455,"comment_status":"open","ping_status":"closed","template":"","meta":[],"product_brand":[],"product_cat":[19],"product_tag":[90],"class_list":{"0":"post-1324","1":"product","2":"type-product","3":"status-publish","4":"has-post-thumbnail","6":"product_cat-zensko-trenirke-hlace-majice-tajice-tunike","7":"product_tag-hlace-zenske","9":"first","10":"instock","11":"taxable","12":"shipping-taxable","13":"purchasable","14":"product-type-variable"},"_links":{"self":[{"href":"https:\/\/www.dino-odjeca.com\/index.php?rest_route=\/wp\/v2\/product\/1324","targetHints":{"allow":["GET"]}}],"collection":[{"href":"https:\/\/www.dino-odjeca.com\/index.php?rest_route=\/wp\/v2\/product"}],"about":[{"href":"https:\/\/www.dino-odjeca.com\/index.php?rest_route=\/wp\/v2\/types\/product"}],"replies":[{"embeddable":true,"href":"https:\/\/www.dino-odjeca.com\/index.php?rest_route=%2Fwp%2Fv2%2Fcomments&post=1324"}],"wp:featuredmedia":[{"embeddable":true,"href":"https:\/\/www.dino-odjeca.com\/index.php?rest_route=\/wp\/v2\/media\/1455"}],"wp:attachment":[{"href":"https:\/\/www.dino-odjeca.com\/index.php?rest_route=%2Fwp%2Fv2%2Fmedia&parent=1324"}],"wp:term":[{"taxonomy":"product_brand","embeddable":true,"href":"https:\/\/www.dino-odjeca.com\/index.php?rest_route=%2Fwp%2Fv2%2Fproduct_brand&post=1324"},{"taxonomy":"product_cat","embeddable":true,"href":"https:\/\/www.dino-odjeca.com\/index.php?rest_route=%2Fwp%2Fv2%2Fproduct_cat&post=1324"},{"taxonomy":"product_tag","embeddable":true,"href":"https:\/\/www.dino-odjeca.com\/index.php?rest_route=%2Fwp%2Fv2%2Fproduct_tag&post=1324"}],"curies":[{"name":"wp","href":"https:\/\/api.w.org\/{rel}","templated":true}]}}