{"id":1404,"date":"2021-01-05T11:21:44","date_gmt":"2021-01-05T11:21:44","guid":{"rendered":"https:\/\/www.dino-odjeca.com\/?post_type=product&#038;p=1404"},"modified":"2022-12-27T15:35:24","modified_gmt":"2022-12-27T15:35:24","slug":"komplet-86","status":"publish","type":"product","link":"https:\/\/www.dino-odjeca.com\/?product=komplet-86","title":{"rendered":"Komplet 86"},"content":{"rendered":"<p>Dje\u010dji komplet za djevoj\u010dice veli\u010dina 86. Jaknica sa \u0161tikom malog medvjedi\u0107a . Komplet je ljubi\u010daste boje .<\/p>\n","protected":false},"excerpt":{"rendered":"<p>Dje\u010dji komplet za djevoj\u010dice veli\u010dina 86. Jaknica sa \u0161tikom malog medvjedi\u0107a . Komplet je ljubi\u010daste boje .<\/p>\n","protected":false},"featured_media":1405,"comment_status":"open","ping_status":"closed","template":"","meta":[],"product_brand":[],"product_cat":[17],"product_tag":[],"class_list":{"0":"post-1404","1":"product","2":"type-product","3":"status-publish","4":"has-post-thumbnail","6":"product_cat-odjeca-za-bebe","8":"first","9":"instock","10":"taxable","11":"shipping-taxable","12":"purchasable","13":"product-type-simple"},"_links":{"self":[{"href":"https:\/\/www.dino-odjeca.com\/index.php?rest_route=\/wp\/v2\/product\/1404","targetHints":{"allow":["GET"]}}],"collection":[{"href":"https:\/\/www.dino-odjeca.com\/index.php?rest_route=\/wp\/v2\/product"}],"about":[{"href":"https:\/\/www.dino-odjeca.com\/index.php?rest_route=\/wp\/v2\/types\/product"}],"replies":[{"embeddable":true,"href":"https:\/\/www.dino-odjeca.com\/index.php?rest_route=%2Fwp%2Fv2%2Fcomments&post=1404"}],"wp:featuredmedia":[{"embeddable":true,"href":"https:\/\/www.dino-odjeca.com\/index.php?rest_route=\/wp\/v2\/media\/1405"}],"wp:attachment":[{"href":"https:\/\/www.dino-odjeca.com\/index.php?rest_route=%2Fwp%2Fv2%2Fmedia&parent=1404"}],"wp:term":[{"taxonomy":"product_brand","embeddable":true,"href":"https:\/\/www.dino-odjeca.com\/index.php?rest_route=%2Fwp%2Fv2%2Fproduct_brand&post=1404"},{"taxonomy":"product_cat","embeddable":true,"href":"https:\/\/www.dino-odjeca.com\/index.php?rest_route=%2Fwp%2Fv2%2Fproduct_cat&post=1404"},{"taxonomy":"product_tag","embeddable":true,"href":"https:\/\/www.dino-odjeca.com\/index.php?rest_route=%2Fwp%2Fv2%2Fproduct_tag&post=1404"}],"curies":[{"name":"wp","href":"https:\/\/api.w.org\/{rel}","templated":true}]}}