{"id":1648,"date":"2021-02-22T12:17:41","date_gmt":"2021-02-22T12:17:41","guid":{"rendered":"https:\/\/www.dino-odjeca.com\/?post_type=product&#038;p=1648"},"modified":"2024-10-01T15:59:28","modified_gmt":"2024-10-01T13:59:28","slug":"majica-zenska-sa-motivom-macke","status":"publish","type":"product","link":"https:\/\/www.dino-odjeca.com\/?product=majica-zenska-sa-motivom-macke","title":{"rendered":"Majica \u017eenska sa motivom ma\u010dke"},"content":{"rendered":"<p>\u017denska pamu\u010dna majica dugih rukava. Majica je izra\u0111ena od\u00a0 vrhunskog 100% pamuka koji je izrazito ugodan za no\u0161enje i vrlo se lako odr\u017eava. Dolazi u vi\u0161e modnih boja. S prednje strane je \u0161tik, koncem izvezen motiv ma\u010dke.\u00a0 Majica je prikladna za svaki dan, posebno za odlazak na posao i za slobodno vrijeme.<\/p>\n<p>Veli\u010dine S,M,L,XL,XXL,XXXL i 54\/56 (xxxxl)<\/p>\n<p>Sastav materijala je 100% Pamuk<\/p>\n<p>Sakupljanje u pranju po \u0161irini i po dulini do 3%<\/p>\n","protected":false},"excerpt":{"rendered":"<p>\u017denska pamu\u010dna majica dugih rukava. Majica je izra\u0111ena od\u00a0 vrhunskog 100% pamuka koji je izrazito ugodan za no\u0161enje i vrlo se lako odr\u017eava. Dolazi u vi\u0161e modnih boja. S prednje strane je \u0161tik, koncem izvezen motiv ma\u010dke.\u00a0 Majica je prikladna za svaki dan, posebno za odlazak na posao i za slobodno vrijeme. Veli\u010dine S,M,L,XL,XXL,XXXL i [&hellip;]<\/p>\n","protected":false},"featured_media":1512,"comment_status":"closed","ping_status":"closed","template":"","meta":[],"product_brand":[],"product_cat":[19],"product_tag":[],"class_list":{"0":"post-1648","1":"product","2":"type-product","3":"status-publish","4":"has-post-thumbnail","6":"product_cat-zensko-trenirke-hlace-majice-tajice-tunike","8":"first","9":"instock","10":"taxable","11":"shipping-taxable","12":"purchasable","13":"product-type-variable"},"_links":{"self":[{"href":"https:\/\/www.dino-odjeca.com\/index.php?rest_route=\/wp\/v2\/product\/1648","targetHints":{"allow":["GET"]}}],"collection":[{"href":"https:\/\/www.dino-odjeca.com\/index.php?rest_route=\/wp\/v2\/product"}],"about":[{"href":"https:\/\/www.dino-odjeca.com\/index.php?rest_route=\/wp\/v2\/types\/product"}],"replies":[{"embeddable":true,"href":"https:\/\/www.dino-odjeca.com\/index.php?rest_route=%2Fwp%2Fv2%2Fcomments&post=1648"}],"wp:featuredmedia":[{"embeddable":true,"href":"https:\/\/www.dino-odjeca.com\/index.php?rest_route=\/wp\/v2\/media\/1512"}],"wp:attachment":[{"href":"https:\/\/www.dino-odjeca.com\/index.php?rest_route=%2Fwp%2Fv2%2Fmedia&parent=1648"}],"wp:term":[{"taxonomy":"product_brand","embeddable":true,"href":"https:\/\/www.dino-odjeca.com\/index.php?rest_route=%2Fwp%2Fv2%2Fproduct_brand&post=1648"},{"taxonomy":"product_cat","embeddable":true,"href":"https:\/\/www.dino-odjeca.com\/index.php?rest_route=%2Fwp%2Fv2%2Fproduct_cat&post=1648"},{"taxonomy":"product_tag","embeddable":true,"href":"https:\/\/www.dino-odjeca.com\/index.php?rest_route=%2Fwp%2Fv2%2Fproduct_tag&post=1648"}],"curies":[{"name":"wp","href":"https:\/\/api.w.org\/{rel}","templated":true}]}}