{"id":2131,"date":"2021-06-24T08:52:11","date_gmt":"2021-06-24T08:52:11","guid":{"rendered":"https:\/\/www.dino-odjeca.com\/?post_type=product&#038;p=2131"},"modified":"2022-12-28T11:47:38","modified_gmt":"2022-12-28T11:47:38","slug":"zenske-kratke-hlace","status":"publish","type":"product","link":"https:\/\/www.dino-odjeca.com\/?product=zenske-kratke-hlace","title":{"rendered":"\u017denske kratke hla\u010de"},"content":{"rendered":"","protected":false},"excerpt":{"rendered":"<p>\u017denske kratke hla\u010de<\/p>\n<p>Lijepog i ugodnog, dovoljno dubokog kroja sa (pristojnim) nogavicama.<\/p>\n<p>U svim veli\u010dinama od S-XXXL<\/p>\n<p>Sirovinski sastav 95% Pamuk 5% Elastin<\/p>\n<p>Dostupne boje su: crna, tamno plava, bordo, ljubi\u010dasta, bijela i druge boje na upit.<\/p>\n","protected":false},"featured_media":2069,"comment_status":"closed","ping_status":"closed","template":"","meta":[],"product_brand":[],"product_cat":[19],"product_tag":[93],"class_list":{"0":"post-2131","1":"product","2":"type-product","3":"status-publish","4":"has-post-thumbnail","6":"product_cat-zensko-trenirke-hlace-majice-tajice-tunike","7":"product_tag-zenske-kratke-hlace","9":"first","10":"instock","11":"taxable","12":"shipping-taxable","13":"purchasable","14":"product-type-variable"},"_links":{"self":[{"href":"https:\/\/www.dino-odjeca.com\/index.php?rest_route=\/wp\/v2\/product\/2131","targetHints":{"allow":["GET"]}}],"collection":[{"href":"https:\/\/www.dino-odjeca.com\/index.php?rest_route=\/wp\/v2\/product"}],"about":[{"href":"https:\/\/www.dino-odjeca.com\/index.php?rest_route=\/wp\/v2\/types\/product"}],"replies":[{"embeddable":true,"href":"https:\/\/www.dino-odjeca.com\/index.php?rest_route=%2Fwp%2Fv2%2Fcomments&post=2131"}],"wp:featuredmedia":[{"embeddable":true,"href":"https:\/\/www.dino-odjeca.com\/index.php?rest_route=\/wp\/v2\/media\/2069"}],"wp:attachment":[{"href":"https:\/\/www.dino-odjeca.com\/index.php?rest_route=%2Fwp%2Fv2%2Fmedia&parent=2131"}],"wp:term":[{"taxonomy":"product_brand","embeddable":true,"href":"https:\/\/www.dino-odjeca.com\/index.php?rest_route=%2Fwp%2Fv2%2Fproduct_brand&post=2131"},{"taxonomy":"product_cat","embeddable":true,"href":"https:\/\/www.dino-odjeca.com\/index.php?rest_route=%2Fwp%2Fv2%2Fproduct_cat&post=2131"},{"taxonomy":"product_tag","embeddable":true,"href":"https:\/\/www.dino-odjeca.com\/index.php?rest_route=%2Fwp%2Fv2%2Fproduct_tag&post=2131"}],"curies":[{"name":"wp","href":"https:\/\/api.w.org\/{rel}","templated":true}]}}