{"id":328,"date":"2020-03-31T15:53:57","date_gmt":"2020-03-31T15:53:57","guid":{"rendered":"http:\/\/www.dino-odjeca.com\/?post_type=product&#038;p=328"},"modified":"2026-03-25T20:17:41","modified_gmt":"2026-03-25T19:17:41","slug":"hlace-zenske-l-2","status":"publish","type":"product","link":"https:\/\/www.dino-odjeca.com\/?product=hlace-zenske-l-2","title":{"rendered":"\u017denske hla\u010de ravni kroj S-XXXXL"},"content":{"rendered":"<p>\u017denske hla\u010de, donji dio trenirke.<\/p>\n<p>Lijepog ravnog,\u00a0 dubokog kroja sa prakti\u010dnim d\u017eepovima.<\/p>\n<p>Dostupne su u veli\u010dinama od S, M, L, XL, XXL, XXXL pa sve do XXXXL (54).<\/p>\n<p>Dostupne boje su: crna, tamno plava, tamno siva, svijetlo siva, bijela i crvena.<\/p>\n<p>Sirovinski sastav 95% pamuka sa 5% elastana<\/p>\n<p>Ne rade se koljena i ne mucaju se u no\u0161enju.<\/p>\n<p>Hrvatski proizvod.<\/p>\n","protected":false},"excerpt":{"rendered":"<p>\u017denske hla\u010de, donji dio trenirke. Lijepog ravnog,\u00a0 dubokog kroja sa prakti\u010dnim d\u017eepovima. Dostupne su u veli\u010dinama od S, M, L, XL, XXL, XXXL pa sve do XXXXL (54). Dostupne boje su: crna, tamno plava, tamno siva, svijetlo siva, bijela i crvena. Sirovinski sastav 95% pamuka sa 5% elastana Ne rade se koljena i ne mucaju [&hellip;]<\/p>\n","protected":false},"featured_media":839,"comment_status":"open","ping_status":"closed","template":"","meta":[],"product_brand":[],"product_cat":[19],"product_tag":[],"class_list":{"0":"post-328","1":"product","2":"type-product","3":"status-publish","4":"has-post-thumbnail","6":"product_cat-zensko-trenirke-hlace-majice-tajice-tunike","8":"first","9":"instock","10":"taxable","11":"shipping-taxable","12":"purchasable","13":"product-type-variable"},"_links":{"self":[{"href":"https:\/\/www.dino-odjeca.com\/index.php?rest_route=\/wp\/v2\/product\/328","targetHints":{"allow":["GET"]}}],"collection":[{"href":"https:\/\/www.dino-odjeca.com\/index.php?rest_route=\/wp\/v2\/product"}],"about":[{"href":"https:\/\/www.dino-odjeca.com\/index.php?rest_route=\/wp\/v2\/types\/product"}],"replies":[{"embeddable":true,"href":"https:\/\/www.dino-odjeca.com\/index.php?rest_route=%2Fwp%2Fv2%2Fcomments&post=328"}],"wp:featuredmedia":[{"embeddable":true,"href":"https:\/\/www.dino-odjeca.com\/index.php?rest_route=\/wp\/v2\/media\/839"}],"wp:attachment":[{"href":"https:\/\/www.dino-odjeca.com\/index.php?rest_route=%2Fwp%2Fv2%2Fmedia&parent=328"}],"wp:term":[{"taxonomy":"product_brand","embeddable":true,"href":"https:\/\/www.dino-odjeca.com\/index.php?rest_route=%2Fwp%2Fv2%2Fproduct_brand&post=328"},{"taxonomy":"product_cat","embeddable":true,"href":"https:\/\/www.dino-odjeca.com\/index.php?rest_route=%2Fwp%2Fv2%2Fproduct_cat&post=328"},{"taxonomy":"product_tag","embeddable":true,"href":"https:\/\/www.dino-odjeca.com\/index.php?rest_route=%2Fwp%2Fv2%2Fproduct_tag&post=328"}],"curies":[{"name":"wp","href":"https:\/\/api.w.org\/{rel}","templated":true}]}}