{"id":777,"date":"2020-05-06T16:08:48","date_gmt":"2020-05-06T16:08:48","guid":{"rendered":"https:\/\/www.dino-odjeca.com\/?post_type=product&#038;p=777"},"modified":"2025-07-20T14:14:08","modified_gmt":"2025-07-20T12:14:08","slug":"bicke-zenske","status":"publish","type":"product","link":"https:\/\/www.dino-odjeca.com\/?product=bicke-zenske","title":{"rendered":"Bicke \u017eenske"},"content":{"rendered":"<p>Bicke \u017eenske<br \/>\nSirovinski sastav: 95% Pamuk 5% Elastan<br \/>\nPosebna ugodnost no\u0161enja u toplim danima.<\/p>\n<p>Elasti\u010dne hla\u010dice koje su se godinama nosile samo za teretanu i sport vratile su se na scenu, i to glamuroznije no ikad.<\/p>\n","protected":false},"excerpt":{"rendered":"<p>Bicke \u017eenske Sirovinski sastav: 95% Pamuk 5% Elastan Posebna ugodnost no\u0161enja u toplim danima. Elasti\u010dne hla\u010dice koje su se godinama nosile samo za teretanu i sport vratile su se na scenu, i to glamuroznije no ikad.<\/p>\n","protected":false},"featured_media":779,"comment_status":"open","ping_status":"closed","template":"","meta":[],"product_brand":[],"product_cat":[19],"product_tag":[],"class_list":{"0":"post-777","1":"product","2":"type-product","3":"status-publish","4":"has-post-thumbnail","6":"product_cat-zensko-trenirke-hlace-majice-tajice-tunike","8":"first","9":"instock","10":"taxable","11":"shipping-taxable","12":"purchasable","13":"product-type-variable"},"_links":{"self":[{"href":"https:\/\/www.dino-odjeca.com\/index.php?rest_route=\/wp\/v2\/product\/777","targetHints":{"allow":["GET"]}}],"collection":[{"href":"https:\/\/www.dino-odjeca.com\/index.php?rest_route=\/wp\/v2\/product"}],"about":[{"href":"https:\/\/www.dino-odjeca.com\/index.php?rest_route=\/wp\/v2\/types\/product"}],"replies":[{"embeddable":true,"href":"https:\/\/www.dino-odjeca.com\/index.php?rest_route=%2Fwp%2Fv2%2Fcomments&post=777"}],"wp:featuredmedia":[{"embeddable":true,"href":"https:\/\/www.dino-odjeca.com\/index.php?rest_route=\/wp\/v2\/media\/779"}],"wp:attachment":[{"href":"https:\/\/www.dino-odjeca.com\/index.php?rest_route=%2Fwp%2Fv2%2Fmedia&parent=777"}],"wp:term":[{"taxonomy":"product_brand","embeddable":true,"href":"https:\/\/www.dino-odjeca.com\/index.php?rest_route=%2Fwp%2Fv2%2Fproduct_brand&post=777"},{"taxonomy":"product_cat","embeddable":true,"href":"https:\/\/www.dino-odjeca.com\/index.php?rest_route=%2Fwp%2Fv2%2Fproduct_cat&post=777"},{"taxonomy":"product_tag","embeddable":true,"href":"https:\/\/www.dino-odjeca.com\/index.php?rest_route=%2Fwp%2Fv2%2Fproduct_tag&post=777"}],"curies":[{"name":"wp","href":"https:\/\/api.w.org\/{rel}","templated":true}]}}